).
6
What is the value of (2 - 12 - -6) + 4 + -1?
-1
-2 + 0 - 6 - (1 + -6)
-3
-18 + 17 - (-4 - (3 - 4))
2
0 + -2 + -7 + 11
2
What is 12 - (10 + 2 + -5)?
5
What is -133 + 133 + -4 + (1 - 1)?
-4
(1 - -2 - 1) + 1
3
What is the value of -16 + 19 + (1 - -1) + 3?
8
-3 + (1 - -7) - 6 - 7
-8
Calculate (1 - 2) + -14 + 12.
-3
What is -3 - ((7 - 0) + -17)?
7
8 + (-8 - -9 - 11)
-2
What is -3 + 12 + -7 + -4 + 7?
5
What is 1 - (2 + -1 - 2) - 6?
-4
Evaluate (5 - (5 + 4 + -5)) + -6.
-5
0 + (-3 - 1 - -2) - 2
-4
Evaluate -3 - ((2 + -5 - 0) + 1).
-1
What is the value of 2 - (0 - -1) - (-22 - -21)?
2
What is the value of (-170 - -175) + (-1 - -1)?
5
Calculate (0 - -2) + 17 + -15 - 4.
0
What is the value of -4 - (7 + (4 - 19)) - 11?
-7
Calculate (-7 - 0) + (-70 - -78).
1
Evaluate 1 + 1 + -3 - (2 - 2).
-1
Calculate (-3 - -7 - 4) + -1.
-1
Evaluate (0 + -3 + 2 - 0) + -1.
-2
What is the value of (0 - -1) + (0 - 0) + -1?
0
What is the value of (2 - (0 + -6)) + -3?
5
Evaluate (-6 - 5) + 11 - (1 + 2).
-3
Calculate -5 + (-4 - -10 - 6) - -7.
2
What is 6 - (-8 + 2 + 16 + -7)?
3
What is 10 - (8 + (-2 - -2))?
2
Calculate (-13 - (-2 + -12)) + 8.
9
What is the value of 8 + -14 + (6 - 4)?
-4
What is the value of -2 + 1 + -1 - (-1 - 1)?
0
What is 2 - 4 - (7 - 13)?
4
-3 + (0 - -1) + -20 + 22
0
(-9 - (-4 + -2)) + 10 + -4
3
-5 - (-3 - -12 - (1 - -3))
-10
Evaluate 1 - (0 + 2) - 0.
-1
What is the value of -12 + (-3 - (-25 + 13))?
-3
Evaluate -2 - (3 + 4 + -4).
-5
Evaluate 0 - (3 + 1) - (5 + -7).
-2
What is the value of -47 + 42 + (1 - 1 - -4)?
-1
Calculate 7 - ((-2 - -4) + -2 - -2).
5
What is the value of 1 - (4 + 0) - 0?
-3
2 - (-2 - -8) - -6
2
Calculate -2 + 4 + 12 + -13.
1
Evaluate -2 - (2 + (3 - 4)).
-3
What is the value of 11 + (-2 - 9) + 0 + 7?
7
Evaluate (7 - -1) + (99 - 115).
-8
What is 1 - (-9 - (8 - 13))?
5
Evaluate (-2 - -14) + (5 - (-9 + 19)).
7
Calculate (-9 + 11 - (-10 - 0)) + -7.
5
What is -9 + 8 + -11 + 10?
-2
3 - (10 + 0 + -3) - -5
1
2 - (-8 - -13) - -9
6
-2 + -12 + 21 + -2 + -1
4
What is (-13 - -5) + 15 - 11?
-4
What is 11 - 11 - (1 - 1)?
0
-7 + -1 - (-18 - -15)
-5
What is 10 - (8 - 3) - 3?
2
-12 - -23 - (-4 + 13)
2
2 + -5 + 6 + 1
4
8 - (-3 - -1 - (13 + -18))
5
Evaluate 2 + 1 + (2 - 2).
3
Calculate -1 - (-3 - -9 - 3).
-4
What is (1 - 4) + (5 - -4 - 9)?
-3
Evaluate (-6 - 0) + (-5 - -7).
-4
What is the value of -1 + (1 - (0 + 2))?
-2
Evaluate 4 - -2 - (1 - -3).
2
Calculate 2 - (5 - (2 - 4)).
-5
What is (2 - (-1 + 0)) + 0?
3
Calculate 10 - (5 - 9 - 2 - -11).
5
What is the value of 8 - (-15 - -7 - -9)?
7
Calculate 1 + (3 - (-3 - -4)).
3
Evaluate 1 + -2 + (2 + 3 - 3).
1
Calculate 3 + 2 + 5 + -1 + -3.
6
What is -58 - -51 - (1 + -1 + -7)?
0
What is the value of -5 - (-14 + 1 + 7) - 5?
-4
What is (1 + -1 - 1) + (35 - 28)?
6
Evaluate 0 - (9 - 7) - 1.
-3
Calculate -7 + (5 - 2) - (-5 - 1).
2
What is the value of 4 - (-6 - -4 - -4)?
2
What is (-1 - -3) + (0 - 4 - -7)?
5
-1 - (4 - 8) - 3 - 0
0
What is 5 - (0 - -1 - (-20 + 16))?
0
-3 - (18 - 12 - (3 + -1))
-7
(27 - 30) + (11 - 0) - 7
1
What is the value of -2 + (-1 - 1 - -6) + -2?
0
What is 0 - (6 - (13 + 6 + -6))?
7
What is the value of 10 + -13 + (1 - -3)?
1
Calculate 12 + -13 + (-1 - 3 - 1).
-6
What is -4 + (14 - 12) - (-4 - 1)?
3
Calculate -3 + (-6 + 13 - 6).
-2
Calculate -13 - (-7 + 0 + -2).
-4
What is (-1 - 6 - -7) + (0 - -1)?
1
Evaluate 1 - 0 - (11 - 17).
7
What is the value of -2 + -10 + 5 + 3 + -1?
-5
What is -1 + 6 + 11 + -7 + -1?
8
Evaluate 10 - (1 - (-17 + 8)).
0
-3 + (9 - (0 - -3))
3
What is the value of (3 - 2) + 1 + (-3 - -6)?
5
Evaluate (7 - 6) + -10 + 4.
-5
What is the value of 2 + -8 + -1 + 4?
-3
What is 14 + -17 + 2 + 1?
0
What is the value of -2 - 1 - (8 + -14 + -6)?
9
Calculate -34 - -39 - (0 + 0 + 5).
0
What is (6 - 12 - -5) + (0 - 4)?
-5
What is 1 + -2 - 3 - -2?
-2
What is 1 + (4 - (6 - (-2 + 0)))?
-3
Calculate -1 + 2 + 0 + -5.
-4
-4 - -10 - (-6 - -12)
0
Evaluate 13 - (-5 + 14) - 13.
-9
Calculate 9 + (1 - (6 - -3)).
1
-5 + (10 - 2 - 1)
2
What is the value of (0 - 6) + 5 - -2 - 4?
-3
What is the value of (2 - 7) + 2 + 8 + -4?
1
18 + 7 - 19 - (2 + 4)
0
Evaluate 4 + -1 + 2 + -3 + -2.
0
What is 14 + -8 + (-6 - -2 - -2)?
4
Evaluate 30 - 31 - (0 - 1) - -4.
4
7 + -18 + 4 + (1 - 1)
-7
Calculate (-7 - (-6 - -2)) + (5 - 6).
-4
1 + (10 - 15) + -2
-6
Evaluate 0 - (-8 - -3) - 9.
-4
Evaluate (-14 - -24) + (-16 - -5).
-1
Evaluate 10 + 6 + -10 + (2 - 10).
-2
(-2 - 0) + -4 + 2 + 0
-4
Calculate 4 + -3 + -9 - -3.
-5
Evaluate (-1 - 4) + 0 - -3.
-2
6 + (7 - (-8 + 13 + 4))
4
Evaluate 0 - ((-1 - 1) + 7 + 0).
-5
What is -6 + 8 + -2 + 0 + 5?
5
5 - 6 - 1 - -6 - 2
2
Calculate 1 + (7 - 2) + -6.
0
(-5 - -14) + -9 + (-2 - 0)
-2
Calculate 1 + -1 + (6 - 9).
-3
(5 - -4 - 6) + (5 - -1)
9
Calculate 8 - 13 - (-7 + (-3 - -1)).
4
Evaluate -1 - 1 - (20 - 18).
-4
What is 8 - (4 + 8 - 6 - 8)?
10
Evaluate (-12 - -29 - 5) + -16.
-4
What is the value of -6 + 4 + (-1 - 1)?
-4
What is -1 + 5 - (31 + -33)?
6
(-1 - -4) + -3 + (0 - 0)
0
-10 + 1 + (3 + -5 - -7)
-4
Calculate 0 - (3 + -7 + 0).
4
Calculate -4 - ((0 - 0) + 10 + -9).
-5
What is 2 + -1 - (6 + 10 + -9)?
-6
Calculate 4 + 3 - (11 + -5).
1
What is 0 + 0 + 4 - 8 - -4?
0
What is the value of 4 - -1 - -1 - (1 + 14)?
-9
(-31 - -40) + (-3 - 1)
5
Evaluate 9 + 1 + -6 + 1.
5
Evaluate (14 - 12) + 0 + (0 - 0).
2
Calculate (-4 - -3 - -1) + -1.
-1
4 - -3 - 17 - -4
-6
What is the value of 4 + (-4 - -4) + 1?
5
1 + -7 + 10 - 7
-3
What is -5 + 3 + 2 - (-9 + 10)?
-1
What is the value of -10 + 12 + (2 - 5)?
-1
What is the value of 2 + 12 + -9 + -6 + 0?
-1
Evaluate -4 - (3 - (15 - 2)) - 0.
6
(-2 + 2 - 4) + -1 + 8
3
2 + (0 - 1 - (6 + -5))
0
7 + -6 + 2 + -1
2
(1 - 3) + (42 - 45)
-5
What is the value of -1 + (0 - 5 - -3)?
-3
What is the value of -3 + 10 + -4 + -5?
-2
Evaluate -1 - 0 - (-133 + 140).
-8
What is 2 + (5 - (0 - -9))?
-2
What is the value of (8 - 2 - 3) + -4 - 1?
-2
Evaluate 0 + -1 + (2 + 11 - 15).
-3
What is the value of (0 - 4 - -3) + (3 - -2)?
4
What is the value of -14 - (8 + -3 + -29)?
10
What is the value of (-2 - 1 - -2) + -3 + -1?
-5
Evaluate -5 - (-1 - (5 - 0)) - 1.
0
Calculate -4 + (7 - (5 - 3)).
1
Calculate 1 + 1 + (6 - (1 + 6)).
1
What is the value of 3 + -12 + 5 - -6?
2
1 - (3 + -1) - 0
-1
(-11 - (-24 - -7)) + -7
-1
Calculate 8 - (9 + -8 + 0).
7
What is -10 + 1 + (5 + 6 - 6)?
-4
Calculate 13 + 1 + -8 - 4.
2
Calculate -47 - -48 - (1 + -2).
2
Evaluate (-162 - -175) + -10 + -1.
2
Calculate (-2 + 13 - 3) + -4.
4
-8 - (1 + -8 - -3)
-4
8 - (0 - -5) - 8
-5
(10 - 0) + (0 + 4 - 9)
5
What is the value of -4 - -9 - 8 - -8?
5
What is (-10 - 1 - -7) + (0 - -5)?
1
Calculate -3 - -3 - (1 - (-2 + -1)).
-4
Calculate 2 + 4 + -3 + -1 + -1.
1
What is the value of 2 - -5 - (-7 + (0 - -10))?
4
Calculate (7 - (4 - (1 - -2))) + -4.
2
Calculate (-12 - -16) + -1 + 2 + -7.
-2
Evaluate 4 + (-3 - (4 - 5)).
2
What is the value of -1 - (4 + -1 - 4)?
0
-4 + 7 + 4 + -5 + -2
0
Evaluate -3 + 9 + -3 - 11 - -3.
-5
Calculate 28 - 45 - (-10 + -1).
-6
0 - 1 - -1 - -3 - 1
2
What is the value of -7 - 0 - (23 - 38)?
8
What is the value of -14 + (-3 + 3 - -8)?
-6
Evaluate 1 + (-2 - -1) - (5 - 3).
-2
Evaluate 0 + (-8 - -3) + 1.
-4
Evaluate -6 + (10 - 1 - -5).
8
What is the value of 16 - 3 - (35 + -14)?
-8
Calculate (-3 - (1 + -3)) + -1.
-2
Evaluate 0 - (6 + (4 - 4 - -2)).
-8
Calculate 7 - ((-5 - (6 - 23)) + -7).
2
-3 - -3 - 3 - (-2 + 1)
-2
Evaluate -3 + (-2 + 4 - 0).
-1
0 + (-6 + 2 - -1) + 6
3
Evaluate -3 + 4 + -6 + 9.
4
Calculate 1 + 2 - -1 - 3.
1
Evaluate 0 + 1 + 10 + -15.
-4
What is (-1 - -1) + 16 + -10?
6
-10 + 5 + 13 - 5
3
Evaluate 1 - (-1 - (0 - 3)) - -6.
5
Calculate -3 + 4 - (4 + -3).
0
Calculate 3 + (-2 + 3 - 2).
2
Calculate -2 + -5 + 0 + 2 + 2.
-3
What is 20 + -23 - (-4 + 1)?
0
10 + -16 + -1 + 2
-5
What is the value of (37 - 34) + (-1 - 9)?
-7
0 + (-8 - (-2 + -11))
5
(-16 - -6) + -2 + 9
-3
Evaluate -3 - (-12 + (3 - -2)).
4
(7 - (2 - -3)) + 1 - 2
1
((0 - 1) + -2 - -4) + 4
5
Evaluate -3 - -12 - (-25 - -40).
-6
What is the value of -5 - (-1 + -1 + -5 + 8)?
-6
Evaluate -6 + -12 - -7 - -8.
-3
Calculate (-3 - -5) + 2 + -5.
-1
-6 + 10 - (0 + 4)
0
What is (10 - 2) + -7 - -6?
7
(-1 - 0 - 0) + 0 + 0
-1
What is 1 - (-19 + 12) - 5?
3
Evaluate -9 - (-4 - (-2 - -3)).
-4
What is the value of 3 - (-2 - -6) - 3?
-4
Calculate -2 - (-2 - -6) - 0.
